{"id":73,"date":"2023-10-11T14:54:52","date_gmt":"2023-10-11T14:54:52","guid":{"rendered":"https:\/\/jessicarupf.ch\/?page_id=73"},"modified":"2025-01-20T16:13:01","modified_gmt":"2025-01-20T16:13:01","slug":"angebot","status":"publish","type":"page","link":"https:\/\/jessicarupf.ch\/?page_id=73","title":{"rendered":"Behandlungsspektrum"},"content":{"rendered":"\t\t<div data-elementor-type=\"wp-page\" data-elementor-id=\"73\" class=\"elementor elementor-73\">\n\t\t\t\t\t\t<section class=\"elementor-section elementor-top-section elementor-element elementor-element-6eeed871 elementor-section-boxed elementor-section-height-default elementor-section-height-default\" data-id=\"6eeed871\" data-element_type=\"section\">\n\t\t\t\t\t\t<div class=\"elementor-container elementor-column-gap-default\">\n\t\t\t\t\t<div class=\"elementor-column elementor-col-100 elementor-top-column elementor-element elementor-element-203a43fb\" data-id=\"203a43fb\" data-element_type=\"column\">\n\t\t\t<div class=\"elementor-widget-wrap elementor-element-populated\">\n\t\t\t\t\t\t<div class=\"elementor-element elementor-element-30038f28 elementor-widget__width-initial elementor-widget elementor-widget-text-editor\" data-id=\"30038f28\" data-element_type=\"widget\" data-widget_type=\"text-editor.default\">\n\t\t\t\t<div class=\"elementor-widget-container\">\n\t\t\t<style>\/*! elementor - v3.20.0 - 10-04-2024 *\/\n.elementor-widget-text-editor.elementor-drop-cap-view-stacked .elementor-drop-cap{background-color:#69727d;color:#fff}.elementor-widget-text-editor.elementor-drop-cap-view-framed .elementor-drop-cap{color:#69727d;border:3px solid;background-color:transparent}.elementor-widget-text-editor:not(.elementor-drop-cap-view-default) .elementor-drop-cap{margin-top:8px}.elementor-widget-text-editor:not(.elementor-drop-cap-view-default) .elementor-drop-cap-letter{width:1em;height:1em}.elementor-widget-text-editor .elementor-drop-cap{float:left;text-align:center;line-height:1;font-size:50px}.elementor-widget-text-editor .elementor-drop-cap-letter{display:inline-block}<\/style>\t\t\t\t<p><span style=\"font-size: 1rem;\">Angeboten werden Behandlungen im Einzel-, Paar- und Familiensetting.<\/span><\/p><p>Depression und Burnout<br \/>Angst- und Zwangsst\u00f6rungen<br \/>Pers\u00f6nlichkeitsst\u00f6rungen<br \/>Suchterkrankungen (bei grunds\u00e4tzlicher Bereitschaft zur Reduktion oder Abstinenz)<br \/>Begleitung bei Kinderwunschbehandlung oder unerf\u00fclltem Kinderwunsch<br \/>Genderthemen<br \/><span style=\"font-size: 1rem;\">Traumatherapie nach NET<\/span><\/p><p>\u00a0<\/p>\t\t\t\t\t\t<\/div>\n\t\t\t\t<\/div>\n\t\t\t\t\t<\/div>\n\t\t<\/div>\n\t\t\t\t\t<\/div>\n\t\t<\/section>\n\t\t\t\t<\/div>\n\t\t","protected":false},"excerpt":{"rendered":"<p>Angeboten werden Behandlungen im Einzel-, Paar- und Familiensetting. Depression und BurnoutAngst- und Zwangsst\u00f6rungenPers\u00f6nlichkeitsst\u00f6rungenSuchterkrankungen (bei grunds\u00e4tzlicher Bereitschaft zur Reduktion oder Abstinenz)Begleitung bei Kinderwunschbehandlung oder unerf\u00fclltem KinderwunschGenderthemenTraumatherapie nach NET \u00a0<\/p>\n","protected":false},"author":1,"featured_media":0,"parent":0,"menu_order":0,"comment_status":"closed","ping_status":"closed","template":"","meta":{"footnotes":""},"_links":{"self":[{"href":"https:\/\/jessicarupf.ch\/index.php?rest_route=\/wp\/v2\/pages\/73"}],"collection":[{"href":"https:\/\/jessicarupf.ch\/index.php?rest_route=\/wp\/v2\/pages"}],"about":[{"href":"https:\/\/jessicarupf.ch\/index.php?rest_route=\/wp\/v2\/types\/page"}],"author":[{"embeddable":true,"href":"https:\/\/jessicarupf.ch\/index.php?rest_route=\/wp\/v2\/users\/1"}],"replies":[{"embeddable":true,"href":"https:\/\/jessicarupf.ch\/index.php?rest_route=%2Fwp%2Fv2%2Fcomments&post=73"}],"version-history":[{"count":72,"href":"https:\/\/jessicarupf.ch\/index.php?rest_route=\/wp\/v2\/pages\/73\/revisions"}],"predecessor-version":[{"id":353,"href":"https:\/\/jessicarupf.ch\/index.php?rest_route=\/wp\/v2\/pages\/73\/revisions\/353"}],"wp:attachment":[{"href":"https:\/\/jessicarupf.ch\/index.php?rest_route=%2Fwp%2Fv2%2Fmedia&parent=73"}],"curies":[{"name":"wp","href":"https:\/\/api.w.org\/{rel}","templated":true}]}}